 y + 1. Determine d(t).
7
Let r(d) = -1 - 2*d - d - 6*d**2 + 2*d. Let f(m) = m**3 - 3*m**2 - 3*m - 3. Let b be f(4). Let t be (b/3*3)/(-1). What is r(t)?
-6
Suppose -4*k = -2*k - 6. Let v(y) = y**3 - 3*y**2 + 3*y - 3*y**k + 8*y**2 + 3*y**3. Determine v(-4).
4
Let l = -145/24 + 51/8. Let r(q) be the first derivative of l*q**3 - 7*q + 3*q**2 + 3. Give r(-6).
-7
Suppose 2 = -h, 3*j - 14 + 42 = -5*h. Let n(g) = g**2 + 7*g + 7. Let y be n(j). Let d(f) be the first derivative of 7*f**3/3 - f**2/2 + 12. Calculate d(y).
6
Let b be (-2)/8 - (-39)/(-4). Let m = -6 - b. Let v(g) = -g**2 - 2*g**2 - 3 + 2*g**2 + 4*g. Calculate v(m).
-3
Let i = 122 - 127. Let x(r) = r**3 + 5*r**2. What is x(i)?
0
Let m(i) = -4*i - 1. Let k = 11 - 8. Suppose 7*f - 4*f = -21. Let v(a) = -8*a - 2. Let r(l) = f*m(l) + k*v(l). Calculate r(-2).
-7
Let y(k) = 8*k**2 + k - 6. Let m(t) = -7*t**2 - 2*t + 5. Let w(j) = 7*m(j) + 6*y(j). Calculate w(-8).
-1
Let i(u) be the second derivative of 7/2*u**2 - 1/12*u**4 + u + 0 - 1/2*u**3. Give i(-6).
-11
Let f(m) = m**2 + 3*m - 2. Suppose 15 = -3*o + 96. Suppose -2*j - 9 = -3*j + 3*q, -3*q = 5*j + o. Let d(l) = l**3 + 3*l**2 + 2*l + 3. Let w be d(j). Give f(w).
-2
Let a(r) = -1 + 2*r**2 + 1 + r - 4*r**3 + 9*r**3. Suppose 0*g = 4*g + 16. Let i = 3 + g. Give a(i).
-4
Let c(h) = 4*h**2 - 11*h. Let b(z) = -5*z**2 + 12*z - 1. Let k(d) = 5*b(d) + 6*c(d). Give k(-6).
-5
Let y be (-48)/(-20) - 14/35. Let i(u) = -8*u + 3. Give i(y).
-13
Let r(q) = -4*q + 10*q**2 - 4*q**2 + 2 - 4*q**2. What is r(2)?
2
Let w(y) = -y - 6. Let j(d) = -d**3 + 5*d**2 - 5*d - 3. Let i be j(3). Give w(i).
-6
Let p(m) = -6*m**2 + m - 1. Let z be p(1). Let g(d) = -d**2 - 6*d + 3. What is g(z)?
3
Let w(q) = q**2 - 5*q + 1. Let i be w(5). Let m(r) = -3*r - i + 3 - 1. Calculate m(-2).
7
Let w(p) = p**3 + 4*p**2 + 2*p - 1. Suppose -3*m + v = 21, -m - v - 17 + 6 = 0. Let s be m/(-10)*20/(-4). Determine w(s).
-9
Let u(l) = -5*l - 6. Let b(c) = c + 1. Let z(y) = 6*b(y) + u(y). What is z(-1)?
-1
Let l(u) = 0 + 2 + u + 17*u**2 - 16*u**2. Determine l(-3).
8
Let w(x) = x**3 - 14*x**2 - 14*x - 10. Let g be w(15). Let s(h) = -h**2 + 5*h + 4. Give s(g).
4
Let l(b) = -b**2 + 5*b - 4. Suppose 3*x + 34 = 5*a - 15, x + 2*a = 2. Let f be 2 - (8 - 3) - x. Determine l(f).
-4
Let p(a) = -9*a. Suppose 0 = 2*b - 8, 0*b - 2*b + 18 = 5*m. Suppose -g - m = g. Give p(g).
9
Let h(q) be the second derivative of -2*q**4/3 + q**3/6 - q**2/2 + 2*q. Determine h(1).
-8
Let a(k) = -k - 2. Suppose -3*d + 2 = w - 0*d, -5*d = -2*w + 15. Determine a(w).
-7
Suppose 0 = -z + 4*q - 9*q - 7, 0 = 3*z + 2*q + 8. Let h be 0/(-3) + 4 + z. Let w(i) = 3 - 6 + 9*i + h. Calculate w(1).
8
Let j = -4 + 7. Let y(z) = 3*z**2 - z. Let m(l) = -7*l**2 + 3*l. Let i(c) = 2*m(c) + 5*y(c). Calculate i(j).
12
Let f(c) = 18*c + 5. Let q(h) = 7*h + 4. Let o(u) = -18*u - 10. Let v(l) = -5*o(l) - 12*q(l). Let s(d) = -3*f(d) + 8*v(d). Determine s(1).
-5
Let d(n) be the second derivative of n**8/6720 - n**7/2520 + n**6/720 + n**4/4 - 4*n. Let y(z) be the third derivative of d(z). Give y(2).
6
Suppose 0*a = 3*a. Let j(c) = 8 + 2*c - 3*c + 0*c. What is j(a)?
8
Let u(q) = -q**3 - 3*q**2 + q. Let d be 69/(-12)*4/(-1). Let g = d + -16. Let n = 4 - g. What is u(n)?
-3
Suppose -2*i = 2*r + 2 - 6, -3*r = -3*i + 12. Let t(d) = d**3 + d + 6*d**3 + d**2 + 0*d**3 - 3*d**3 + 1. Give t(r).
-3
Let z(r) = -r**3 + 7*r**2 + r - 1. Let h(m) = m**2. Let j(v) = -4*h(v) + z(v). Let y(k) = -18*k + 3 - k**2 + 16*k + 9*k. Let a be y(7). Give j(a).
2
Let n(m) = -m - 6. Let h be (0 - 0)*(2 - 3). Determine n(h).
-6
Let v(i) be the first derivative of -i**4/4 - 3*i**3 - 4*i**2 - 7*i + 24. Determine v(-8).
-7
Let v(w) be the first derivative of w**4/4 - 2*w**3 + 3*w**2/2 - 1. Let z = 1 + 4. Determine v(z).
-10
Let b be -2 - (-7 - -2 - -1). Let t(j) be the second derivative of 0*j**2 + 0*j**4 + 0 + 1/6*j**3 - 1/20*j**5 - j. Determine t(b).
-6
Let b(o) be the first derivative of 15*o**2 - o - 6. Determine b(1).
29
Let p(i) = 4 + 0*i**3 + 5*i**3 - 4*i**3 + 4*i + 6*i**2. Let q be (-33)/7 + 6/(-21). Determine p(q).
9
Let s(c) be the third derivative of c**5/60 - c**4/12 - c**3/6 - c**2. Calculate s(-3).
14
Let d(i) = i**2 - i - 3. Let z = -1 - -5. Give d(z).
9
Let q(m) = -2 + 1 - 4 + m - 2. Give q(5).
-2
Let p(j) = -j + 1. Let z(f) = f**3 - 3*f**2 - 3*f - 2. Let t(g) = g**3 + g**2 + g - 1. Let q(w) = -2*t(w) + z(w). Let n(i) = -2*p(i) + q(i). Give n(-3).
-11
Let x(c) = -c. Let r(m) = -3*m + 1. Let h(p) = -2*r(p) + 7*x(p). What is h(4)?
-6
Let b(o) = 2*o - 4. Suppose -s = -2*i + 12 + 3, 4*i = -5*s + 9. Determine b(i).
8
Suppose 0 - 1 = w. Let o(f) = -2*f**2 - 2*f + 1. Let t(r) = -2*r**2 + 4*r - 3. Let u(k) = 2*o(k) + t(k). What is u(w)?
-7
Let h(d) = d**2 + 5*d - 5. Let i be h(-6). Let q be (6/5)/(i/(-5)). Let f(g) = -g - 4. Calculate f(q).
2
Suppose -2*y + y + 6 = 0. Let k = -4 + y. Let l be (-27)/(-18) - 5/k. Let u(t) = -t**2 - t - 1. Calculate u(l).
-1
Let c = 20 - 17. Let f(i) be the first derivative of -1 - c*i + 1/2*i**2. Calculate f(2).
-1
Let n(i) be the second derivative of -i**5/120 - i**4/8 + i**3/3 - 5*i. Let x(a) be the second derivative of n(a). What is x(0)?
-3
Let r(v) = -v**3 + 7*v**2 + 8*v - 10. Suppose -2*b - 14 = -h, -h + 7*b - 2*b = -23. Determine r(h).
-10
Let x = -22 + 33. Let t(v) = 6*v - 7 - v + 8*v. Let h(z) = -7*z + 4. Let o(a) = x*h(a) + 6*t(a). Determine o(4).
6
Suppose 7*c = 2*c + 25. Let l(n) = -5*n**3 + 5*n**2 - 3*n + 7. Let t(o) = -9*o**3 + 10*o**2 - 5*o + 13. Let p(s) = -7*l(s) + 4*t(s). Calculate p(c).
8
Let d(z) = -3*z**2 + 2*z + 2. Let m be ((-27)/6)/(-3)*2. Suppose -h = -4*r + 7, -2*r + 0 = m*h - 7. Calculate d(r).
-6
Suppose 0 = -3*i - 0*i + 5*v + 10, 20 = i - 5*v. Let r(j) = -9*j + 9. Let g(y) = 4*y - 4. Let h(p) = 7*g(p) + 3*r(p). What is h(i)?
-6
Let p(z) = 4*z**2 - 4*z + 2. Let m(x) = x**2 - 5*x - 5. Let y(g) = -g**2 + 4*g + 4. Let w(c) = 4*m(c) + 5*y(c). Let b(k) = p(k) + 3*w(k). Give b(4).
2
Let x(f) = -f**2 - f + 3. Let h be x(3). Let q = 17 + h. Let d(z) = q*z**2 - 3*z - 3*z**2 + 6 - z**3 + z. What is d(5)?
-4
Let h = 5 - 3. Let d(k) = -3 - 22*k + 17*k + 0*k**2 + k**h. Give d(6).
3
Let v(f) = 4*f + 1. Let i(p) = p + 1. Let k be i(1). Determine v(k).
9
Suppose 3*g = g + z, -5*z + 16 = -2*g. Let p(x) = 6*x**2 + 0*x**2 - x + x**3 + g + 6*x. Suppose 4*f - 15 = 3*v, 2*v - 4*f = -0*v - 10. Calculate p(v).
2
Let w(c) = -c**2 - 7*c - 8. Let l be (-108)/(-63)*14/(-4). What is w(l)?
-2
Let b(o) be the first derivative of 0*o - o**2 - 1 + 1/6*o**4 - 1/6*o**3. Let v(y) be the second derivative of b(y). Calculate v(-1).
-5
Let v(y) = -11*y**2 - 6*y - 17. Let z(t) = 4*t**2 + 2*t + 6. Let w(l) = 3*v(l) + 8*z(l). Let b be w(-2). Let x(j) = 2*j. Determine x(b).
-6
Let h(p) = -p**2 - 5*p + 2. Suppose 3*o = 25 - 37. Calculate h(o).
6
Let q(x) = 5*x**3 + 2 - 6*x**2 - x**3 - 2*x - 3 - 5*x**3. Calculate q(-5).
-16
Let j(c) = -1 - 1 + 6*c - 2*c. Let i be j(2). Suppose -z + i = z. Let p(k) = k**3 - 2*k**2 - 1. Determine p(z).
8
Let r(c) = 3 - 3*c + 7*c + c**2 - 8. Determine r(-4).
-5
Let c(b) be the second derivative of -2*b**3/3 + b**2/2 + 11*b. Let x = -8 - -11. What is c(x)?
-11
Let o(r) = r**3 + 5. Let x(n) = -n**2 - 9*n - 6. Let m = 3 - 11. Let v be x(m). Let f be 0*(1 + v + -2). Determine o(f).
5
Let d(f) = -f. Let p(t) = 3*t - 4. Let o(q) = -d(q) - p(q). Calculate o(6).
-8
Let t(k) be the first derivative of 5*k**4/4 + 2*k**3/3 - k**2 + k - 5. What is t(1)?
6
Let q(o) = 4*o + 3 - 17*o**3 + 30*o**3 - 12*o**3 + 7*o**2. What is q(-6)?
15
Let k(h) = -h**2 + 17*h - 14. Let g be k(16). Let p(l) = 3*l - 6 + 2 + l**2 - 2*l + g. Calculate p(-2).
0
Let b(n) = 3*n**2 + 233*n - 118*n + 1 - 116*n. Let l(f) = -f - 11. Let w be l(-7). Let z(s) = -s**2 - 5*s - 2. Let d be z(w). Give b(d).
11
Let r(p) = -4*p + 4. Let w(i) = -7*i + 8. Let n(o) = -5*r(o) + 3*w(o). Let a = -37 - -37. Calculate n(a).
4
Let g(o) = 8 - 5*o + 4*o + 0*o + o**2 - 5*o. What is g(6)?
8
Let d(a) be the second derivative of 0 - 1/2*a**2 - 1/24*a**4 + 0*a**3 + 3*a. Let y(q) be the first derivative of d(q). Calculate y(-5).
5
Let s(w) = -w**2 - 3*w + 1. Suppose 1 = 4*u - 35. Let d be 4*(1 + u/(-6)). Calculate s(d).
3
Let g = 1 + 1. Let t(q) = -2*q + 2 - g*q + 3*q - 3. Calculate t(-3).
2
Suppose